1. Let x(m) = 21*m + 6. Let y(z) = 3*d(z) - x(z). Let w be y(-1). Calculate the highest common factor of i and w.
5
Suppose -14*m + 11*m = -30. Let q(h) = h**2 - 9*h - 13. Let f be q(m). Let i be f/15 - (-82)/10. What is the greatest common factor of i and 20?
4
Suppose 2*z - 1860 - 2544 = -2*m, 0 = -m - 2*z + 2206. Calculate the greatest common divisor of 14 and m.
14
Let d = 111 - 12. Suppose -52 = -d*w + 95*w. Calculate the greatest common divisor of w and 221.
13
Let s = 1345 - 463. What is the highest common factor of s and 18?
18
Let g be -1 - -2 - 10 - -308. What is the highest common factor of g and 46?
23
Let l = 1 - 2. Let i be -2 + 4 + l + 4. Suppose i*c - 113 = -13. What is the highest common divisor of c and 4?
4
Let q(k) = 4*k**3 + 45*k**2 - 3*k. Let y be q(-11). What is the greatest common factor of y and 14?
14
Suppose -b - 4*f + 32 = 0, b = 6*f + 10 + 2. Let v(y) = y + 120. Let o be v(0). Calculate the greatest common divisor of o and b.
24
Let v be (3/(-2))/((-12)/456). Suppose -2*s - 150 = -3*i - i, i - s - 37 = 0. Calculate the greatest common divisor of i and v.
19
Let u(j) = -2*j + 1. Let g be u(-1). Suppose 5*x - 4*a + 6*a = 208, -131 = -g*x + 5*a. Calculate the highest common divisor of x and 28.
14
Let g = 177 - -208. Calculate the highest common factor of g and 55.
55
Suppose 2*q - 5*b = 263, 2*q + 2*b - 140 - 158 = 0. Suppose -10*o - 1968 = -6*o. Let f be 2/(-5) - o/30. What is the greatest common factor of q and f?
16
Suppose -123*d = -134*d + 187. Calculate the greatest common divisor of d and 51.
17
Let v(q) = -q**3 - 11*q**2 - q - 7. Let w be v(-11). Suppose -a - 21 = -w*a. Calculate the highest common divisor of a and 21.
7
Let d(x) = -4*x + 15. Let g be d(-24). What is the highest common factor of 37 and g?
37
Suppose -2*o + 12*w + 335 = 13*w, 0 = -5*o - w + 839. Suppose 3*b = 49 + 65. Let r = b - 14. Calculate the greatest common factor of r and o.
24
Suppose -812*k - 552 = -814*k. What is the greatest common factor of 24 and k?
12
Let h(b) = b**3 - 4*b**2 + 3*b - 8. Let x be h(4). Suppose -2*n + 3*z = -x*n + 71, z + 3 = 0. What is the greatest common factor of 16 and n?
8
Let z be (1 - -3) + -8 - -52. Let n = -27 + z. Calculate the highest common factor of n and 21.
21
Let y = 0 - 12. Let x be (0 - (-2)/(-4))*y. Let p(s) = 22*s - 106. Let z be p(7). What is the highest common factor of z and x?
6
Let i be -2*1/((-6)/87). Let z = 149 - i. Calculate the highest common divisor of z and 48.
24
Suppose 23*s + 961 = 27*s - 3*u, -4*u = 5*s - 1178. Calculate the greatest common factor of s and 28.
14
Suppose 5*q + 2 + 3 = 0. Let f be 2/(q + 22/18). Calculate the greatest common divisor of f and 81.
9
Let x be (-5)/(-35) - (-85)/(-7). Let n be (-46)/(-14) + x/42. Suppose -n*u = -0*u - 57. What is the greatest common divisor of 133 and u?
19
Let y(h) = 9*h**2 - 54*h + 26. Let x be y(13). Calculate the greatest common divisor of x and 65.
65
Let l = -375 - -397. Calculate the highest common divisor of 55 and l.
11
Let g = 24 + -32. Let r be 5 + g + -13*2/(-2). What is the greatest common divisor of r and 20?
10
Let j(c) = -3*c**3 - 3*c**2 + 4*c + 3. Let p be j(-3). What is the highest common factor of p and 18?
9
Let o = -4 + 8. Let b be 1*(-20)/(o*-1). Let y be 1 + b + 0 + 2. Calculate the greatest common factor of y and 64.
8
Suppose 0 = -3*h - 15, -h - 4*h - 109 = -4*l. Let i(v) = 20*v**2 + 15*v - 36. Let a be i(3). What is the greatest common factor of a and l?
21
Let g = 77 + -52. Let h = g - 10. Calculate the greatest common divisor of 60 and h.
15
Let l = -256 + 260. What is the greatest common factor of l and 124?
4
Let f(y) = -y + 22. Let j be f(0). Calculate the highest common divisor of j and 8.
2
Suppose 5*u = 3*u + i + 12, 3*i = -2*u + 4. Suppose u = h - 9. Let b = h - 8. What is the highest common divisor of 6 and b?
6
Let k(f) = f**3 + 18*f**2 + 12. Let j be k(-18). Suppose 55 = -7*q + j*q. What is the greatest common factor of 99 and q?
11
Suppose -2*i - 5*o = -i - 36, -3*i + 180 = -3*o. Let l = -3 + 7. Suppose -l*g = 2 - 30. Calculate the greatest common divisor of i and g.
7
Let k(d) = 27*d - 11. Let u be k(3). Let v = u - 29. Calculate the greatest common divisor of v and 287.
41
Let i = -5 + 8. Let m(l) = 8*l**2 - 2*l - 4. Let c be m(i). Suppose 543*o - 495*o = 7440. Calculate the highest common divisor of c and o.
31
Suppose -c + 4*c + 5*n + 3 = 0, -n - 19 = -4*c. Suppose c*g - 281 - 59 = 0. Calculate the greatest common divisor of 5 and g.
5
Let m be (2 + -1)/((-3)/(-27)). Suppose 5*z - 97 = 128. Calculate the highest common factor of z and m.
9
Let u be (6 - -2*(-444)/(-16))*10. What is the highest common divisor of u and 15?
15
Let v(i) = -i**3 + 7*i**2 - 5*i + 5. Let u be v(6). Suppose -101*l - 6*l = -9416. What is the highest common divisor of u and l?
11
Let r = 1008 - 988. Calculate the greatest common divisor of 130 and r.
10
Suppose -q - 9 = 4*q + 3*z, 4*z + 12 = 5*q. Suppose -10*c + 5*c + 75 = q. Calculate the greatest common divisor of 105 and c.
15
Suppose 1059 = 4*j + 3*s, 2*j - 326 = -3*s + 211. Calculate the highest common factor of 87 and j.
87
Let c(p) = 257*p + 3634. Let g be c(-14). Let v be (4/(-6))/(2/(-72)). Calculate the highest common factor of v and g.
12
Let d(x) be the second derivative of x**4/12 + 2*x**3/3 - 15*x**2/2 - 17*x. Let l be d(6). Calculate the greatest common factor of l and 18.
9
Let y(k) = -k**3 - k**2 - 2*k + 1. Let h be y(-2). Suppose -4*i - 22 = -c, -7 = 2*c + i - 42. What is the highest common factor of h and c?
9
Suppose -b - 2*z + 3*z + 313 = 0, -2*z + 622 = 2*b. Calculate the highest common factor of 39 and b.
39
Let g(o) = -17*o - 13. Let c(n) = 18*n + 13. Let h(x) = 3*c(x) + 4*g(x). Let p be h(-8). Calculate the greatest common factor of 66 and p.
33
Suppose 6*k = 14*k - 592. What is the greatest common factor of k and 333?
37
Let j = -21 - -6. Let p be ((-3)/((-9)/j))/(-1). Suppose 2*g + p*w = -3*g + 380, 4*g + 5*w = 300. Calculate the greatest common divisor of 20 and g.
20
Let h(z) be the first derivative of 3*z**3 + z**2/2 - z - 3. Let s be h(1). Suppose -3*l - 3 = -s. Calculate the highest common divisor of 22 and l.
2
Let j(f) = -f**2 - 3*f + 7. Let k be j(-6). Let b = k + 10. Let w(m) = -4*m**3 - m**2 - m. Let i be w(b). What is the greatest common factor of i and 16?
4
Let c = -503 + 523. Let a be -5 - (0 - 1/(-1)). Let t be (-66)/(-14) + a/(-21). What is the greatest common factor of t and c?
5
Suppose -13*h + 800 = -1423. What is the highest common factor of h and 18?
9
Let n be (-96)/(-10) + 6/15. Suppose 10 = 2*u - 3*o, -u + 5*o + n = u. Let m = 5 + u. Calculate the greatest common factor of m and 70.
10
Let c = 99 + -66. Let y = 113 + -33. Suppose -8 = -4*h + y. What is the highest common factor of h and c?
11
Let u = 263 - -763. What is the highest common factor of u and 38?
38
Let v(n) = -5*n**3 + 40*n**2 + 5*n - 14. Let a be v(8). Let h(c) = 2*c**2 + 2*c - c**2 + c - 5. Let x be h(-6). Calculate the greatest common factor of a and x.
13
Let i be 1*(-2)/2*9. Let z be (3 + -1 - i) + -2. Let j be (z/(-27))/(1/(-12)). What is the highest common divisor of 16 and j?
4
Suppose 4*p + 2*p - 432 = 0. Let j(w) = -w**2 + 10*w. Let l be j(9). Calculate the highest common factor of p and l.
9
Let c be (-1)/3*60/(-4). Suppose c*a = 138 + 62. Calculate the greatest common divisor of 5 and a.
5
Suppose 12264 = 57*q - 43*q. Calculate the highest common divisor of q and 12.
12
Let j = -10 + 3. Let p(h) = -h**3 - 7*h**2 - 3*h - 4. Let k be p(j). What is the greatest common factor of 119 and k?
17
Let p be 1199/33 - 1/3. What is the greatest common factor of p and 36?
36
Suppose 12*v - 2 = 382. What is the highest common factor of 72 and v?
8
Let x = 210 + -162. What is the highest common divisor of 132 and x?
12
Let w(s) = 16*s**2 - 3*s - 1. Let t be w(-1). Let x be (-7)/(33/t + -2). Let q(k) = -14*k - 7. Let g be q(-5). Calculate the greatest common factor of g and x.
21
Suppose -12*s = -486 - 5058. Calculate the greatest common divisor of s and 42.
42
Let z(i) = -i**2 - 28*i + 233. Let f be z(-29). What is the greatest common factor of f and 4?
4
Let x = -31 + 57. Calculate the greatest common divisor of x and 91.
13
Let u(w) = w**3 + 6*w**2 + 4